
Evaluate -3 + 8 - 7 - (-1 - -1).
-2
Calculate 2 - 4 - (-12 - -5).
5
5 + -9 + 4 - (3 - 9)
6
What is the value of 0 + -3 + -2 + 4 + -3?
-4
Evaluate (0 - 2) + (-20 - -16).
-6
Evaluate 3 + (0 - (-5 - -4)).
4
Evaluate -4 - -1 - (-1 + -1 + -3).
2
What is -3 + 5 + -3 + -1?
-2
3 + 9 + -10 + 2
4
Evaluate -1 + (2 - 4) - 0.
-3
What is 13 - 6 - (-5 - -11)?
1
What is (-3 - 1 - -3) + 2 + 4?
5
What is 1 + (-4 - (-1 - 3))?
1
Calculate 2 - (-2 - (4 + -9)).
-1
What is 16 + -16 - (0 - 2)?
2
Evaluate (0 - 0) + -4 + 8 + -2.
2
Evaluate -4 - (4 - 8) - 3 - -3.
0
What is 1 + -1 + (-9 + 5 - -4)?
0
What is -2 + (18 - (-11 - -18))?
9
What is the value of -7 + 8 + 5 + -3?
3
What is (3 + -3 - -2) + -1?
1
Calculate -2 - (-4 - (-7 - -3) - -3).
-5
What is 7 + -1 + 1 - (118 + -110)?
-1
What is 4 - (6 + -1) - 3?
-4
What is -6 + 3 + 1 + 3?
1
-2 + (-7 - (-4 - -1))
-6
What is (-11 + 1 - -17) + (0 - -1)?
8
What is 2 + (4 - 14) + (7 - 3)?
-4
5 + (4 - (1 - -11)) + 4
1
What is the value of (3 - (5 + -4)) + (2 - 9)?
-5
What is the value of (6 - 0) + (-65 - -55)?
-4
What is 1 + (0 - 2 - -3)?
2
Calculate 8 - (5 + -2 + 2).
3
What is the value of (-2 - -11) + (2 - 14 - -10)?
7
Evaluate 3 + (-1 + -2 - (-1 + 0)).
1
What is (1 - -5) + (-16 - -15)?
5
What is the value of 5 - (10 - (-4 + 0 + 3))?
-6
Evaluate -2 - -2 - 1 - (-2 - 2).
3
Calculate (7 - (4 - 0)) + -1.
2
What is 1 - (-1 - (-3 - -4) - -1)?
2
-11 - (-19 - (-12 + 12))
8
Calculate -9 - (3 + 8 + -15).
-5
Evaluate 5 + (-1 - (-5 + 6)) - 5.
-2
Evaluate (-35 - -35) + (-1 - -2).
1
Calculate 2 + -4 + 4 + (3 - 6).
-1
Evaluate (-4 - -1 - 5) + 13.
5
Evaluate -6 + (2 - (1 + -8)).
3
What is the value of (-3 - 4) + (16 - 7)?
2
What is 6 + -1 + (-5 - -4)?
4
Evaluate (-3 + 10 + -3 - 10) + 2.
-4
What is the value of -6 + 0 + (-7 - -3 - -5)?
-5
Calculate 2 + -3 + -4 - (-3 - 1).
-1
Evaluate 7 + (-4 - (-5 + 3)).
5
Evaluate (9 - 12) + (5 - 3) + 3.
2
Evaluate -5 + 21 - 3 - 20.
-7
Calculate 1 + -4 - (-1 - -1).
-3
What is the value of -1 - -2 - (-11 + (21 - 10))?
1
What is the value of 1 + (-4 - -3) - (0 + -3)?
3
7 + (-8 - 2 - -10)
7
What is 10 + (-12 - -6) + 2?
6
Evaluate -2 + (0 - 1) + -1 + 5.
1
8 - (-2 + -2 + (9 - 2))
5
Evaluate 4 + (7 - 17) + 10.
4
Calculate 14 + -1 - (15 - 2).
0
What is the value of (10 - 1) + 6 + -22?
-7
Evaluate -1 + 1 - (-9 - -8).
1
-59 + 58 - (-3 - -6)
-4
What is -16 + (5 - 12) + 13?
-10
Evaluate -4 - (-5 - (-2 - 0)).
-1
Evaluate 4 + (-2 - 5) + 1 + -3.
-5
What is -101 + 87 + (-1 - (-1 - 8))?
-6
Calculate 1 - (-4 - 0 - -6) - -5.
4
(-16 - -13) + 3 + 0
0
What is the value of (3 - 4 - -9) + -3?
5
-1 + -1 + 7 + -5
0
What is 3 + (3 - 5) + 6 + -4?
3
Calculate -15 + 14 + 7 + 0 - 11.
-5
Calculate (6 - -1 - 5) + 3.
5
What is (-14 + 2 - -5) + 7?
0
Calculate (8 - -1) + (-10 - -6 - -1).
6
Calculate -1 + -11 + (30 - 23).
-5
What is -3 + -2 + 4 + 5?
4
Calculate 10 + -6 + (2 - 1).
5
What is -1 - (2 - (-3 - (-1 + -4)))?
-1
Calculate 2 + (-11 + 3 - -3).
-3
What is the value of (6 - (-1 - -3)) + -28 + 24?
0
Evaluate 7 + (-7 - 3 - 5).
-8
Evaluate 2 - ((-4 - 1) + 9).
-2
What is the value of -23 + 24 + (11 - 4)?
8
Calculate 6 - 10 - (-5 - -1).
0
What is 10 - (-10 - (-32 + 3))?
-9
Calculate -4 + (0 + 9 - (2 + -1)).
4
(4 - -2) + (-9 - -4)
1
What is the value of -15 + (-5 + (6 - 0) - -6)?
-8
What is the value of -4 + 7 + -4 + 0?
-1
Calculate -11 + 17 + -7 + (0 - 0).
-1
(-5 - -1) + (4 - 3) + -4
-7
Calculate (-2 - (-6 - 5)) + -14.
-5
What is the value of (-2 - (0 + 1 + -2)) + -3?
-4
Calculate 4 - ((-14 - -10) + 0).
8
What is the value of 3 + -1 + -3 + 1 + -3?
-3
Calculate -3 + 6 + (0 - -1) + 0.
4
What is the value of (2 - 2 - -1) + 0?
1
What is the value of 1 + -3 + (-2 - (1 + -3))?
-2
What is -6 + (-8 - -6 - -3)?
-5
Calculate 3 - 0 - 2 - (1 - 3).
3
What is 2 + (-8 - -4 - -5)?
3
What is -206 + 204 - (1 + -15 + 1)?
11
Evaluate 2 + -10 + 25 + -20.
-3
5 + (6 - 8) + 0 + 1
4
Calculate -1 + (-2 - 0) - -4.
1
What is the value of -4 + 4 + -2 - 4?
-6
Calculate 4 + 0 - (19 + -23).
8
What is the value of -9 + (1 - -5) + 5 + 2?
4
What is the value of (1 - 2) + (-8 - -7)?
-2
1 + (-11 - -13) + 3
6
What is the value of 1 - 1 - (9 + -2 + -2)?
-5
What is 0 + (2 - 6 - 0)?
-4
Calculate 7 - 5 - (-1 + 3).
0
Calculate 4 - (-5 + (-1 - -8)).
2
Calculate 3 - (0 - (-1 - 6)).
-4
Calculate 2 + 0 + -7 + (-2 - -2).
-5
Evaluate -8 - -4 - (-2 + -2 + 0).
0
Calculate -3 - (-11 + (5 - 6) + 1).
8
What is the value of -3 + 18 + -4 + -5?
6
(73 - 67) + -6 + 0
0
(-1 - -4) + (-34 - -27)
-4
-1 - (0 - -4 - (0 - -2))
-3
Calculate -2 - ((-3 - -2) + 1).
-2
(-6 - (5 - 16)) + -1
4
Calculate -3 - (-7 - 3 - -4).
3
Calculate -2 + 1 + 4 + -10 - -5.
-2
Calculate -4 + (8 - 6) - (-1 + -3).
2
What is the value of (-5 + 0 - -11) + (1 - 1)?
6
Calculate (8 + -4 - (1 - -10)) + 2.
-5
Calculate -4 + (3 - 5) + 4.
-2
-1 + (11 - 4) - 3 - 0
3
7 + -6 + -1 - -3
3
Evaluate (-3 - (-2 - 3)) + -3 - -2.
1
Calculate -221 - -209 - (-19 + 1).
6
Calculate -1 + 1 - (17 - (-2 - -20)).
1
10 + -8 + -3 - (1 - 1)
-1
What is -17 + (-9 - -20) - (1 + -7)?
0
What is the value of -4 + -5 - -3 - 1?
-7
What is the value of (-5 - -2 - 1) + 7?
3
What is the value of 2 + -2 + (3 - 3 - -2)?
2
(27 - 22) + (-5 - 1 - 0)
-1
What is the value of 4 - (6 - (1 + -2)) - -2?
-1
Evaluate -61 + 67 - (1 - 1).
6
Evaluate -1 + (1 - 5) + 10 + -3.
2
Calculate 2 + (-3 - (-5 - -3)) + 0.
1
Evaluate -2 - (-7 - (-9 - -7)).
3
(67 - 65) + (-7 - (-1 - 0))
-4
What is the value of 3 + (-2 - 2) + 3 + 0?
2
What is 1 + -6 - -4 - -2 - 0?
1
Calculate 2 + 1 + 0 + 4 + -3.
4
-7 + 16 + (-2 - 0)
7
What is 7 + -8 - (-4 + 3)?
0
Evaluate 5 + (3 - -2 - 9).
1
What is the value of -3 - -5 - (2 + (-4 - -2))?
2
What is the value of 1 - (4 - (2 - -2))?
1
Evaluate 0 + -1 + 4 + 3 + -3.
3
Evaluate 2 + -3 + (12 - 7 - 6).
-2
What is the value of -5 + -1 + (8 - 6)?
-4
What is 11 + -8 + -9 - 1?
-7
Evaluate -8 + (5 - (1 - 3 - -8)).
-9
What is the value of (-7 + 15 - 3) + -6?
-1
What is -15 - -12 - (-3 + -1)?
1
Calculate 2 - (1 - (4 + -5)).
0
12 - (-9 + 10) - 22
-11
What is the value of 2 + -8 + 6 + 8?
8
What is -1 + (-5 - (-2 + -9))?
5
Calculate 7 + -5 - (-6 - -9).
-1
What is 3 + -3 + (-1 - (0 + 1))?
-2
What is 3 + (-8 - -4) + 1?
0
Evaluate (16 - (21 + -14)) + (-2 - 1).
6
Evaluate -3 + 7 + -7 - -2.
-1
What is the value of (-112 - -111) + (1 - (2 + -1))?
-1
What is (5 - (10 - -2)) + 8?
1
What is the value of -12 + 8 + -5 + 4?
-5
Evaluate 0 + 3 + -5 + (-3 - -1).
-4
Evaluate 4 - (5 - (-6 + 14)) - 14.
-7
What is -5 + (-3 - -4) - (-1 - 0)?
-3
What is 0 + 6 + -30 + 16?
-8
Evaluate (3 - 0) + (-6 + 8 - 2).
3
What is -1 - (-59 - -54 - (-5 - -1))?
0
What is the value of (4 - 3 - -1) + 2 - 10?
-6
-9 + 8 - (1 + -9)
7
(18 - 13 - -8) + -11
2
Calculate 6 + -3 - (-5 + 9).
-1
-2 + 2 + 3 + -3
0
What is the value of (6 + -7 - -7) + -7?
-1
Evaluate -10 + -1 - (10 + -19 + 3).
-5
Calculate -2 - (0 + 0 + 0).
-2
Evaluate -2 - (4 - (10 + 1)).
5
Evaluate -1 + 3 - (-24 - -24).
2
What is 2 - -1 - (-13 + (20 - 6))?
2
Calculate -1 + 7 + (2 - 7).
1
Evaluate 0 + (-5 - 0) + 4.
-1
What is 3 - 3 - ((-2 - -2) + 2)?
-2
Calculate -13 + 17 - (12 + -1 + -2).
-5
1 - (-3 - -4 - (-5 + 3))
-2
Evaluate (6 - 4 - -2) + (0 - 1).
3
Evaluate -3 + 4 + -8 + 11.
4
3 + (-8 - (7 - 13))
1
5 - 3 - 4 - -1
-1
Calculate (-11 - -8) + 1 + -2.
-4
What is the value of 0 + (-9 - (-11 - -7))?
-5
Calculate -11 - -8 - (-1 - 1).
-1
Calculate (-3 + 3 - -1 - -1) + -2.
0
Calculate (7 - 11) + 4 + -2 - 3.
-5
What is (-9 - (-10 + 14)) + 2 + 3?
-8
What is -2 + 0 + -2 + 0 + -1?
-5
What is -5 - -1 - (-40 - -26)?
10
What is 14 + -8 + 19 - 14?
11
What is -3 + 6 - 5 - 3?
-5
-7 + 6 + -1 + -2 + 8
4
(-2 - (4 - 3) - 1) + 3
-1
What is the value of -8 + 6 + -9 + 19?
8
-9 - (-3 + -4 - (7 - 9))
-4
What is -6 - (-2 - -2) - (-3 - 2)?
-1
Calculate 4 - 16 - (-30 + 16).
2
(11 - 3) + -4 + -3 + -3
-2
Calculate 2 - 8 - (13 + -19).
0
Calculate 2 - (4 + -7 - -1).
4
What is -1 + -2 + 0 - (-36 + 28)?
5
Calculate 4 + (2 - 2) + -1.
3
Calculate 6 - 3 - (-2 - -2 - 1).
4
Evaluate 7 + -2 + -12 + 9.
2
What is -4 - -4 - -2 - -1 - 3?
0
What is -14 - (-5 + (-4 - 2))?
-3
What is the value of (5 - (-3 + 0)) + 3 + -7?
4
What is 0 - -1 - 10 - 0?
-9
Evaluate (1 + 0 - -2) + (219 - 232).
-10
What is the value of -4 + 6 + (-1 + -4 - -2)?
-1
(9 - 20) + 3 + 3
-5
12 + (-7 + -1 - (-87 + 87))
4
Calculate -5 - -2 - (-11 - 